lculate the highest common divisor of 63 and 758597.
7
What is the greatest common factor of 101544 and 24?
24
Calculate the greatest common divisor of 2058 and 5628.
42
Calculate the greatest common factor of 19975 and 2295.
85
Calculate the greatest common factor of 1488347 and 623.
623
Calculate the greatest common divisor of 770 and 31295.
55
Calculate the greatest common factor of 2 and 29938.
2
Calculate the greatest common divisor of 190088 and 40.
8
Calculate the highest common factor of 29521 and 212.
53
Calculate the highest common factor of 12 and 71316.
12
What is the greatest common factor of 1375 and 2035?
55
What is the greatest common divisor of 65663 and 39?
13
What is the highest common divisor of 60121 and 59?
59
Calculate the greatest common divisor of 1369 and 4551.
37
Calculate the greatest common divisor of 9580 and 440.
20
Calculate the greatest common factor of 315 and 16443.
63
What is the greatest common factor of 4886 and 840?
14
Calculate the greatest common factor of 985 and 197.
197
What is the greatest common factor of 1352675 and 3050?
1525
What is the highest common divisor of 28 and 167426?
14
Calculate the highest common factor of 91 and 896623.
91
What is the greatest common factor of 11 and 297?
11
Calculate the greatest common factor of 95823 and 845.
169
Calculate the greatest common factor of 70 and 57470.
70
Calculate the highest common factor of 168 and 1687.
7
Calculate the highest common factor of 390 and 95628.
78
What is the highest common divisor of 40761 and 1953?
63
Calculate the highest common factor of 981 and 504.
9
Calculate the greatest common divisor of 350 and 42450.
50
What is the greatest common divisor of 1029 and 1911?
147
What is the greatest common divisor of 39 and 1299?
3
What is the greatest common factor of 779 and 24887?
41
What is the highest common divisor of 191542 and 56498?
1378
What is the highest common divisor of 68359 and 394?
197
Calculate the greatest common divisor of 3887 and 4876.
23
Calculate the highest common divisor of 8722 and 76048.
98
What is the highest common divisor of 466921 and 1911?
637
Calculate the greatest common factor of 1498 and 10379.
107
Calculate the greatest common divisor of 385 and 369600.
385
What is the greatest common divisor of 425 and 536197?
17
What is the greatest common factor of 1950 and 41730?
390
Calculate the highest common factor of 134936 and 16.
8
What is the greatest common divisor of 170030 and 210?
70
What is the highest common factor of 428 and 7284?
4
Calculate the highest common divisor of 8 and 7405992.
8
What is the greatest common factor of 165760 and 20905?
185
What is the highest common divisor of 1908 and 9742248?
1908
Calculate the highest common factor of 4277768 and 176.
88
Calculate the greatest common divisor of 149958 and 342.
18
Calculate the greatest common divisor of 5516 and 1308868.
788
Calculate the greatest common factor of 100300 and 25.
25
Calculate the highest common factor of 927 and 60667.
103
Calculate the highest common divisor of 97550 and 250.
50
What is the greatest common divisor of 1600471 and 223?
223
What is the highest common divisor of 22 and 93698?
22
What is the highest common factor of 485000 and 80?
40
What is the highest common factor of 5192 and 431880?
472
Calculate the highest common factor of 561450 and 30.
30
What is the highest common factor of 78103 and 83?
83
Calculate the greatest common divisor of 138 and 357351.
69
What is the highest common divisor of 842 and 311119?
421
Calculate the greatest common divisor of 2985 and 30.
15
Calculate the highest common factor of 130 and 15110.
10
Calculate the highest common divisor of 2538 and 14194.
94
Calculate the greatest common divisor of 22470 and 562499.
749
What is the highest common divisor of 1629488 and 42?
14
Calculate the highest common divisor of 116100 and 600.
300
What is the greatest common divisor of 170 and 304130?
170
Calculate the greatest common factor of 733590 and 18183.
627
What is the highest common factor of 360 and 39402?
18
What is the highest common factor of 213160 and 1460?
1460
Calculate the greatest common divisor of 43055 and 545.
545
What is the highest common divisor of 156 and 708?
12
What is the greatest common divisor of 2580 and 510?
30
What is the highest common divisor of 50 and 294?
2
Calculate the highest common factor of 146250 and 936.
234
Calculate the highest common factor of 1413 and 684834.
471
Calculate the greatest common factor of 13 and 1413893.
13
Calculate the highest common divisor of 2784 and 54462.
174
Calculate the greatest common divisor of 392 and 34792.
8
What is the greatest common factor of 7956262 and 566?
566
What is the greatest common divisor of 206961 and 1852?
463
What is the greatest common factor of 594 and 77583?
33
What is the greatest common divisor of 69855 and 60?
15
What is the greatest common factor of 22289 and 7190?
719
What is the highest common factor of 2651 and 1199?
11
What is the greatest common divisor of 747 and 56223?
9
Calculate the highest common divisor of 1587784 and 88.
88
What is the greatest common factor of 937128 and 192?
24
Calculate the greatest common factor of 1704 and 492.
12
Calculate the highest common divisor of 68666 and 175279.
1807
What is the highest common factor of 164568 and 240?
24
Calculate the highest common divisor of 26 and 147134.
26
What is the highest common divisor of 168768 and 1152?
576
Calculate the highest common factor of 632204 and 244.
244
Calculate the highest common factor of 70923 and 564.
141
Calculate the highest common divisor of 378 and 138.
6
Calculate the greatest common divisor of 356 and 146138.
178
Calculate the highest common factor of 282740 and 536.
268
What is the highest common divisor of 134296 and 8?
8
Calculate the highest common factor of 35 and 2471.
7
What is the highest common factor of 532908 and 1048?
524
What is the greatest common divisor of 575 and 20225?
25
Calculate the highest common divisor of 51896 and 136.
8
What is the highest common factor of 63 and 182943?
9
Calculate the greatest common factor of 220927 and 1036.
259
What is the greatest common factor of 117 and 4173?
39
Calculate the highest common divisor of 88788 and 36.
12
Calculate the highest common divisor of 3001 and 2.
1
What is the highest common divisor of 1798 and 279?
31
Calculate the highest common factor of 9116 and 344.
172
What is the highest common factor of 11479 and 208?
13
Calculate the greatest common factor of 561 and 19965.
33
What is the highest common factor of 420189 and 321?
321
What is the highest common divisor of 354 and 4637046?
354
Calculate the highest common factor of 41 and 69577.
41
Calculate the highest common divisor of 576840 and 627.
627
What is the greatest common divisor of 12628420 and 28?
28
What is the greatest common divisor of 10972 and 564636?
844
Calculate the highest common divisor of 640 and 50.
10
Calculate the highest common divisor of 182 and 1534.
26
Calculate the highest common factor of 12532 and 9158.
482
Calculate the greatest common divisor of 588 and 1801632.
588
Calculate the greatest common factor of 5984 and 9163.
187
Calculate the greatest common factor of 458500 and 140.
140
What is the greatest common divisor of 141250 and 1582?
226
Calculate the greatest common divisor of 406191 and 213.
213
What is the greatest common factor of 165 and 1575?
15
What is the greatest common divisor of 350929 and 58?
29
What is the highest common factor of 235413 and 27?
27
Calculate the highest common divisor of 49381 and 791.
113
What is the highest common divisor of 143161 and 1198?
599
Calculate the greatest common divisor of 3025 and 1175.
25
Calculate the highest common factor of 384 and 179400.
24
What is the greatest common factor of 10791253 and 11?
11
Calculate the highest common factor of 7192 and 213032.
248
What is the greatest common divisor of 1803507 and 166?
83
What is the highest common divisor of 656604 and 1035?
207
What is the greatest common divisor of 8679 and 165?
33
Calculate the highest common divisor of 6328 and 168.
56
What is the greatest common divisor of 270 and 2305854?
54
Calculate the highest common divisor of 493055 and 310